7
Calculate the remainder when 22 is divided by 14.
8
What is the remainder when 103 is divided by 13?
12
What is the remainder when 450 is divided by 13?
8
Calculate the remainder when 3693 is divided by 8.
5
Calculate the remainder when 322 is divided by 164.
158
Calculate the remainder when 857 is divided by 173.
165
Calculate the remainder when 357 is divided by 12.
9
What is the remainder when 42 is divided by 19?
4
What is the remainder when 782 is divided by 267?
248
What is the remainder when 32 is divided by 32?
0
Calculate the remainder when 31 is divided by 17.
14
Calculate the remainder when 485 is divided by 112.
37
What is the remainder when 18 is divided by 10?
8
Calculate the remainder when 1264 is divided by 10.
4
What is the remainder when 2521 is divided by 22?
13
What is the remainder when 1159 is divided by 282?
31
Calculate the remainder when 1445 is divided by 1424.
21
What is the remainder when 15441 is divided by 13?
10
Calculate the remainder when 327 is divided by 93.
48
Calculate the remainder when 295 is divided by 13.
9
What is the remainder when 31313 is divided by 34?
33
What is the remainder when 12255 is divided by 4078?
21
Calculate the remainder when 173 is divided by 8.
5
Calculate the remainder when 16295 is divided by 24.
23
Calculate the remainder when 472 is divided by 43.
42
What is the remainder when 1144 is divided by 37?
34
Calculate the remainder when 368 is divided by 181.
6
Calculate the remainder when 1427 is divided by 698.
31
What is the remainder when 292 is divided by 152?
140
What is the remainder when 1929 is divided by 7?
4
Calculate the remainder when 6117 is divided by 18.
15
Calculate the remainder when 182 is divided by 80.
22
What is the remainder when 292 is divided by 71?
8
What is the remainder when 3406 is divided by 9?
4
Calculate the remainder when 13 is divided by 4.
1
Calculate the remainder when 159 is divided by 18.
15
Calculate the remainder when 786 is divided by 388.
10
What is the remainder when 331 is divided by 83?
82
What is the remainder when 280 is divided by 2?
0
Calculate the remainder when 2164 is divided by 38.
36
Calculate the remainder when 2136 is divided by 15.
6
Calculate the remainder when 276 is divided by 10.
6
Calculate the remainder when 373 is divided by 91.
9
Calculate the remainder when 2139 is divided by 20.
19
Calculate the remainder when 30 is divided by 13.
4
Calculate the remainder when 124 is divided by 16.
12
Calculate the remainder when 3044 is divided by 15.
14
Calculate the remainder when 217 is divided by 31.
0
Calculate the remainder when 898 is divided by 50.
48
Calculate the remainder when 755 is divided by 27.
26
What is the remainder when 202 is divided by 202?
0
What is the remainder when 5246 is divided by 9?
8
What is the remainder when 1199 is divided by 60?
59
Calculate the remainder when 137 is divided by 42.
11
What is the remainder when 98 is divided by 48?
2
Calculate the remainder when 462 is divided by 12.
6
What is the remainder when 5 is divided by 5?
0
Calculate the remainder when 351 is divided by 44.
43
Calculate the remainder when 530 is divided by 14.
12
Calculate the remainder when 439 is divided by 104.
23
Calculate the remainder when 658 is divided by 225.
208
Calculate the remainder when 9238 is divided by 68.
58
What is the remainder when 196 is divided by 37?
11
Calculate the remainder when 276 is divided by 58.
44
What is the remainder when 13692 is divided by 11?
8
Calculate the remainder when 133 is divided by 24.
13
What is the remainder when 7461 is divided by 13?
12
Calculate the remainder when 642 is divided by 46.
44
Calculate the remainder when 528 is divided by 104.
8
Calculate the remainder when 183 is divided by 37.
35
What is the remainder when 4919 is divided by 40?
39
What is the remainder when 15426 is divided by 111?
108
Calculate the remainder when 238 is divided by 20.
18
Calculate the remainder when 78 is divided by 22.
12
What is the remainder when 268 is divided by 18?
16
What is the remainder when 1612 is divided by 34?
14
Calculate the remainder when 370 is divided by 38.
28
Calculate the remainder when 662 is divided by 121.
57
Calculate the remainder when 193 is divided by 28.
25
What is the remainder when 207 is divided by 42?
39
Calculate the remainder when 105 is divided by 48.
9
Calculate the remainder when 1320 is divided by 63.
60
Calculate the remainder when 1366 is divided by 451.
13
Calculate the remainder when 317 is divided by 169.
148
What is the remainder when 251 is divided by 148?
103
Calculate the remainder when 1246 is divided by 27.
4
Calculate the remainder when 208 is divided by 6.
4
What is the remainder when 601 is divided by 124?
105
Calculate the remainder when 264 is divided by 69.
57
Calculate the remainder when 277 is divided by 136.
5
Calculate the remainder when 238 is divided by 64.
46
Calculate the remainder when 26 is divided by 22.
4
What is the remainder when 298 is divided by 7?
4
Calculate the remainder when 575 is divided by 71.
7
What is the remainder when 680 is divided by 96?
8
Calculate the remainder when 621 is divided by 217.
187
Calculate the remainder when 510 is divided by 83.
12
What is the remainder when 1071 is divided by 178?
3
Calculate the remainder when 1213 is divided by 38.
35
What is the remainder when 749 is divided by 118?
41
Calculate the remainder when 218 is divided by 20.
18
What is the remainder when 372 is divided by 22?
20
What is the remainder when 6507 is divided by 13?
7
What is the remainder when 1134 is divided by 145?
119
What is the remainder when 1270 is divided by 64?
54
What is the remainder when 756 is divided by 70?
56
What is the remainder when 191 is divided by 32?
31
Calculate the remainder when 89 is divided by 41.
7
Calculate the remainder when 422 is divided by 105.
2
What is the remainder when 615 is divided by 27?
21
Calculate the remainder when 352 is divided by 86.
8
What is the remainder when 287 is divided by 17?
15
What is the remainder when 58 is divided by 40?
18
Calculate the remainder when 2105 is divided by 68.
65
What is the remainder when 1132 is divided by 139?
20
What is the remainder when 1980 is divided by 8?
4
What is the remainder when 1785 is divided by 1764?
21
Calculate the remainder when 44 is divided by 14.
2
Calculate the remainder when 631 is divided by 206.
13
Calculate the remainder when 1096 is divided by 70.
46
Calculate the remainder when 158 is divided by 135.
23
What is the remainder when 73 is divided by 12?
1
What is the remainder when 499 is divided by 10?
9
What is the remainder when 357 is divided by 83?
25
Calculate the remainder when 170 is divided by 44.
38
Calculate the remainder when 1374 is divided by 26.
22
Calculate the remainder when 2383 is divided by 339.
10
What is the remainder when 58 is divided by 22?
14
What is the remainder when 201 is divided by 24?
9
What is the remainder when 3736 is divided by 197?
190
What is the remainder when 26 is divided by 20?
6
What is the remainder when 72 is divided by 39?
33
Calculate the remainder when 144 is divided by 48.
0
What is the remainder when 96 is divided by 60?
36
What is the remainder when 243 is divided by 63?
54
What is the remainder when 641 is divided by 159?
5
Calculate the remainder when 1193 is divided by 23.
20
Calculate the remainder when 1373 is divided by 78.
47
Calculate the remainder when 618 is divided by 48.
42
What is the remainder when 145 is divided by 23?
7
Calculate the remainder when 21 is divided by 8.
5
What is the remainder when 3725 is divided by 930?
5
What is the remainder when 16167 is divided by 210?
207
Calculate the remainder when 586 is divided by 194.
4
Calculate the remainder when 5079 is divided by 106.
97
Calculate the remainder when 305 is divided by 72.
17
Calculate the remainder when 880 is divided by 18.
16
Calculate the remainder when 2006 is divided by 183.
176
What is the remainder when 3144 is divided by 45?
39
What is the remainder when 239 is divided by 23?
9
Calculate the remainder when 131 is divided by 11.
10
What is the remainder when 187 is divided by 56?
19
What is the remainder when 2745 is divided by 61?
0
Calculate the remainder when 22053 is d